{"id":10,"date":"2016-04-20T13:58:14","date_gmt":"2016-04-20T12:58:14","guid":{"rendered":"http:\/\/grapfig.net\/?page_id=10"},"modified":"2023-05-13T11:44:19","modified_gmt":"2023-05-13T10:44:19","slug":"la-maree-fraternelle","status":"publish","type":"page","link":"https:\/\/grapfig.net\/?page_id=10","title":{"rendered":"La mar\u00e9e fraternelle"},"content":{"rendered":"\n<p>Depuis de nombreuses ann\u00e9es, un &#8220;jeu de plateau&#8221; original d&#8217;initiation \u00e0 la comptabilit\u00e9, con\u00e7u et r\u00e9alis\u00e9 par le GRAPFIG, est diffus\u00e9 dans de nombreux d\u00e9partements tertiaires des IUT. Plus de 500 exemplaires ont \u00e9t\u00e9 vendus pour \u00eatre utilis\u00e9s en formation initiale et en formation continue.&nbsp; Sa diffusion a \u00e9t\u00e9 \u00e9largie aux lyc\u00e9es, organismes de formation, universit\u00e9s, \u00e9coles d&#8217;ing\u00e9nieurs&#8230;<\/p>\n\n\n\n<h2 class=\"wp-block-heading\"><strong>DIAPORAMA DE PR\u00c9SENTATION DE LA MAR\u00c9E FRATERNELLE&nbsp; : <a href=\"http:\/\/grapfig.net\/wp-content\/uploads\/2021\/07\/Presentation-La-Maree-fraternelle_NP.pdf\" target=\"blank\" rel=\"noopener noreferrer\">Ici<\/a><\/strong><\/h2>\n\n\n\n<h1 class=\"wp-block-heading\">OBJECTIF P\u00c9DAGOGIQUE<\/h1>\n\n\n\n<p>Faire d\u00e9couvrir la comptabilit\u00e9, de mani\u00e8re intuitive et ludique, \u00e0 partir de situations concr\u00e8tes, dans le cadre d&#8217;un jeu p\u00e9dagogique. Plus pr\u00e9cis\u00e9ment, la d\u00e9marche suivie permet aux joueurs de mettre en \u00e9vidence :<\/p>\n\n\n\n<ul class=\"wp-block-list\">\n<li>la n\u00e9cessit\u00e9 d&#8217;un syst\u00e8me d&#8217;information logique et coh\u00e9rent<\/li>\n\n\n\n<li>le double aspect de la d\u00e9termination du r\u00e9sultat : au niveau patrimonial et au niveau de l&#8217;exploitation<\/li>\n\n\n\n<li>Les principaux concepts comptables sont introduits progressivement avec des documents r\u00e9els en sept \u00e9tapes :\n<ol class=\"wp-block-list\">\n<li>situation initiale lors de la cr\u00e9ation de l&#8217;entreprise<\/li>\n\n\n\n<li>achats \u00e0 cr\u00e9dit<\/li>\n\n\n\n<li>ventes (sans stock r\u00e9siduel), frais et calcul du r\u00e9sultat<\/li>\n\n\n\n<li>achats au comptant, ventes au comptant et \u00e0 cr\u00e9dit avec stock r\u00e9siduel<\/li>\n\n\n\n<li>investissement, paiement de dettes<\/li>\n\n\n\n<li>encaissement de cr\u00e9ances, achats de fournitures<\/li>\n\n\n\n<li>inventaire, notion d&#8217;amortissement, d\u00e9termination du r\u00e9sultat et diff\u00e9rence avec la variation de tr\u00e9sorerie<\/li>\n<\/ol>\n<\/li>\n<\/ul>\n\n\n\n<h1 class=\"wp-block-heading\">PUBLIC CIBLE<\/h1>\n\n\n\n<ul class=\"wp-block-list\">\n<li>El\u00e8ves des lyc\u00e9es, \u00e9tudiants en formation initiale des fili\u00e8res de gestion (bac technologique, bac professionnel, BTS, BUT, Licence Professionnelle, Ecole de commerce etc \u2026)<\/li>\n\n\n\n<li>Auditeurs de la formation continue inscrits dans un cycle d&#8217;initiation \u00e0 la comptabilit\u00e9.<\/li>\n\n\n\n<li>Non sp\u00e9cialistes de la gestion, curieux de d\u00e9couvrir les principes comptables (Ecole d&#8217;Ing\u00e9nieurs, Master Scientifique&#8230;).<\/li>\n<\/ul>\n\n\n\n<h1 class=\"wp-block-heading\">NIVEAU REQUIS<\/h1>\n\n\n\n<p>Il s&#8217;agit d&#8217;une toute premi\u00e8re initiation \u00e0 la comptabilit\u00e9, qui ne fait appel \u00e0 aucune connaissance pr\u00e9alable dans ce domaine : ni terminologique, ni juridique, ni \u00e9conomique. Le jeu permet une d\u00e9couverte ludique et active d&#8217;une technique consid\u00e9r\u00e9e, a priori, comme r\u00e9barbative. L&#8217;utilisateur doit r\u00e9agir de mani\u00e8re inductive face \u00e0 des situations concr\u00e8tes et ainsi &#8220;inventer la comptabilit\u00e9 &#8220;.<\/p>\n\n\n\n<p>Les premiers TD de comptabilit\u00e9 sont toujours d\u00e9licats, surtout devant un public de non sp\u00e9cialistes. C\u2019est pour cela que nous avons imagin\u00e9 un outil aussi simple que possible, ludique et intuitif, tout en \u00e9tant tr\u00e8s efficace ! Les \u00e9tudiants sont plus r\u00e9ceptifs pour la suite du cours de compta.<\/p>\n\n\n\n<p>Un prolongement possible de la mar\u00e9e fraternelle est le <a href=\"https:\/\/grapfig.net\/?page_id=14\">cas Mar\u00e9e+<\/a><\/p>\n\n\n\n<h2 class=\"wp-block-heading\">&nbsp;<\/h2>\n\n\n\n<p><span style=\"color: #23282d; font-size: 2em; font-weight: 600;\">CONDITIONS DE VENTE<\/span><\/p>\n\n\n\n<p>La Mar\u00e9e Fraternelle est compos\u00e9e d&#8217;une mallette de 6 plateaux de jeu et de documents (livrets de l&#8217;apprenant et de l&#8217;animateur). Cela permet de jouer avec un groupe de 30 \u00e9tudiants (soit 5 \u00e9tudiants maximum par plateau.<\/p>\n\n\n\n<figure class=\"wp-block-table is-style-stripes\"><table><tbody><tr><td>Une mallette de six plateaux<\/td><td>260 \u20ac<\/td><\/tr><tr><td>La mallette suppl\u00e9mentaire<\/td><td>230 \u20ac<\/td><\/tr><tr><td>Une mallette de six plateaux avec factures cartonn\u00e9es<\/td><td>350 \u20ac<\/td><\/tr><tr><td>Formation d&#8217;une journ\u00e9e<\/td><td>300 \u20ac<\/td><\/tr><\/tbody><\/table><\/figure>\n\n\n\n<p>Vente \u00e0 l&#8217;unit\u00e9 d&#8217;\u00e9l\u00e9ments des mallettes : nous consulter<\/p>\n\n\n\n<p>Les documents attach\u00e9s aux mallettes sont envoy\u00e9s par mail.<\/p>\n\n\n\n<p>Envoyez le bon de commande au GRAPFIG&nbsp; par mail \u00e0 <a href=\"mailto:contact@grapfig.net\">contact@grapfig.net<\/a><\/p>\n\n\n\n<p>Le bon de commande est disponible dans la colonne de droite.<\/p>\n\n\n\n<p>N&#8217;h\u00e9sitez pas \u00e0 nous contacter pour nous faire part de vos questions et commentaires.<\/p>\n\n\n<div class=\"wp-block-image\">\n<figure class=\"aligncenter\"><img loading=\"lazy\" decoding=\"async\" width=\"192\" height=\"300\" src=\"http:\/\/grapfig.net\/wp-content\/uploads\/2021\/06\/Plateau-P1-LMF-NV-192x300.jpg\" alt=\"\" class=\"wp-image-1895\" srcset=\"https:\/\/grapfig.net\/wp-content\/uploads\/2021\/06\/Plateau-P1-LMF-NV-192x300.jpg 192w, https:\/\/grapfig.net\/wp-content\/uploads\/2021\/06\/Plateau-P1-LMF-NV-scaled-600x939.jpg 600w, https:\/\/grapfig.net\/wp-content\/uploads\/2021\/06\/Plateau-P1-LMF-NV-654x1024.jpg 654w, https:\/\/grapfig.net\/wp-content\/uploads\/2021\/06\/Plateau-P1-LMF-NV-768x1202.jpg 768w, https:\/\/grapfig.net\/wp-content\/uploads\/2021\/06\/Plateau-P1-LMF-NV-982x1536.jpg 982w, https:\/\/grapfig.net\/wp-content\/uploads\/2021\/06\/Plateau-P1-LMF-NV-1309x2048.jpg 1309w, https:\/\/grapfig.net\/wp-content\/uploads\/2021\/06\/Plateau-P1-LMF-NV-96x150.jpg 96w, https:\/\/grapfig.net\/wp-content\/uploads\/2021\/06\/Plateau-P1-LMF-NV-scaled.jpg 1636w\" sizes=\"auto, (max-width: 192px) 100vw, 192px\" \/><\/figure>\n<\/div>","protected":false},"excerpt":{"rendered":"<p>Depuis de nombreuses ann\u00e9es, un &#8220;jeu de plateau&#8221; original d&#8217;initiation \u00e0 la comptabilit\u00e9, con\u00e7u et r\u00e9alis\u00e9 par le GRAPFIG, est diffus\u00e9 dans de nombreux d\u00e9partements tertiaires des IUT. Plus de 500 exemplaires ont \u00e9t\u00e9 vendus pour \u00eatre utilis\u00e9s en formation initiale et en formation continue.&nbsp; Sa diffusion a \u00e9t\u00e9 \u00e9largie\u2026 <a class=\"continue-reading-link\" href=\"https:\/\/grapfig.net\/?page_id=10\">Continue reading<\/a><\/p>\n","protected":false},"author":1,"featured_media":0,"parent":0,"menu_order":3,"comment_status":"closed","ping_status":"closed","template":"","meta":{"ngg_post_thumbnail":0,"footnotes":""},"folder":[],"class_list":["post-10","page","type-page","status-publish","hentry"],"_links":{"self":[{"href":"https:\/\/grapfig.net\/index.php?rest_route=\/wp\/v2\/pages\/10","targetHints":{"allow":["GET"]}}],"collection":[{"href":"https:\/\/grapfig.net\/index.php?rest_route=\/wp\/v2\/pages"}],"about":[{"href":"https:\/\/grapfig.net\/index.php?rest_route=\/wp\/v2\/types\/page"}],"author":[{"embeddable":true,"href":"https:\/\/grapfig.net\/index.php?rest_route=\/wp\/v2\/users\/1"}],"replies":[{"embeddable":true,"href":"https:\/\/grapfig.net\/index.php?rest_route=%2Fwp%2Fv2%2Fcomments&post=10"}],"version-history":[{"count":57,"href":"https:\/\/grapfig.net\/index.php?rest_route=\/wp\/v2\/pages\/10\/revisions"}],"predecessor-version":[{"id":2162,"href":"https:\/\/grapfig.net\/index.php?rest_route=\/wp\/v2\/pages\/10\/revisions\/2162"}],"wp:attachment":[{"href":"https:\/\/grapfig.net\/index.php?rest_route=%2Fwp%2Fv2%2Fmedia&parent=10"}],"wp:term":[{"taxonomy":"folder","embeddable":true,"href":"https:\/\/grapfig.net\/index.php?rest_route=%2Fwp%2Fv2%2Ffolder&post=10"}],"curies":[{"name":"wp","href":"https:\/\/api.w.org\/{rel}","templated":true}]}}